[INFO] fetching crate rads 0.1.0...
[INFO] checking rads-0.1.0 against master#cfbc6d4cf1acbac5c025acf8ed68929caa551df3 for pr-75494-beta
[INFO] extracting crate rads 0.1.0 into /workspace/builds/worker-1/source
[INFO] validating manifest of crates.io crate rads 0.1.0 on toolchain cfbc6d4cf1acbac5c025acf8ed68929caa551df3
[INFO] running `Command { std: "/workspace/cargo-home/bin/cargo" "+cfbc6d4cf1acbac5c025acf8ed68929caa551df3" "read-manifest" "--manifest-path" "Cargo.toml", kill_on_drop: false }`
[INFO] started tweaking crates.io crate rads 0.1.0
[INFO] finished tweaking crates.io crate rads 0.1.0
[INFO] tweaked toml for crates.io crate rads 0.1.0 written to /workspace/builds/worker-1/source/Cargo.toml
[INFO] running `Command { std: "/workspace/cargo-home/bin/cargo" "+cfbc6d4cf1acbac5c025acf8ed68929caa551df3" "generate-lockfile" "--manifest-path" "Cargo.toml" "-Zno-index-update", kill_on_drop: false }`
[INFO] running `Command { std: "/workspace/cargo-home/bin/cargo" "+cfbc6d4cf1acbac5c025acf8ed68929caa551df3" "fetch" "--locked" "--manifest-path" "Cargo.toml", kill_on_drop: false }`
[INFO] running `Command { std: "docker" "create" "-v" "/var/lib/crater-agent-workspace/builds/worker-1/target:/opt/rustwide/target:rw,Z" "-v" "/var/lib/crater-agent-workspace/builds/worker-1/source:/opt/rustwide/workdir:ro,Z" "-v" "/var/lib/crater-agent-workspace/cargo-home:/opt/rustwide/cargo-home:ro,Z" "-v" "/var/lib/crater-agent-workspace/rustup-home:/opt/rustwide/rustup-home:ro,Z" "-e" "SOURCE_DIR=/opt/rustwide/workdir" "-e" "CARGO_TARGET_DIR=/opt/rustwide/target" "-e" "CARGO_HOME=/opt/rustwide/cargo-home" "-e" "RUSTUP_HOME=/opt/rustwide/rustup-home" "-w" "/opt/rustwide/workdir" "-m" "1610612736" "--user" "0:0" "--network" "none" "rustops/crates-build-env@sha256:a636fd89d022f18117e1dc8fb37a0a009933cdbbe082814857f0e2024962d47c" "/opt/rustwide/cargo-home/bin/cargo" "+cfbc6d4cf1acbac5c025acf8ed68929caa551df3" "metadata" "--no-deps" "--format-version=1", kill_on_drop: false }`
[INFO] [stdout] a563895cf98d8a155d50df453d0dd0a0ef760248b265e4c364f34229a888baf3
[INFO] [stderr] WARNING: Your kernel does not support swap limit capabilities or the cgroup is not mounted. Memory limited without swap.
[INFO] running `Command { std: "docker" "start" "-a" "a563895cf98d8a155d50df453d0dd0a0ef760248b265e4c364f34229a888baf3", kill_on_drop: false }`
[INFO] running `Command { std: "docker" "inspect" "a563895cf98d8a155d50df453d0dd0a0ef760248b265e4c364f34229a888baf3", kill_on_drop: false }`
[INFO] running `Command { std: "docker" "rm" "-f" "a563895cf98d8a155d50df453d0dd0a0ef760248b265e4c364f34229a888baf3", kill_on_drop: false }`
[INFO] [stdout] a563895cf98d8a155d50df453d0dd0a0ef760248b265e4c364f34229a888baf3
[INFO] running `Command { std: "docker" "create" "-v" "/var/lib/crater-agent-workspace/builds/worker-1/target:/opt/rustwide/target:rw,Z" "-v" "/var/lib/crater-agent-workspace/builds/worker-1/source:/opt/rustwide/workdir:ro,Z" "-v" "/var/lib/crater-agent-workspace/cargo-home:/opt/rustwide/cargo-home:ro,Z" "-v" "/var/lib/crater-agent-workspace/rustup-home:/opt/rustwide/rustup-home:ro,Z" "-e" "SOURCE_DIR=/opt/rustwide/workdir" "-e" "CARGO_TARGET_DIR=/opt/rustwide/target" "-e" "CARGO_INCREMENTAL=0" "-e" "RUST_BACKTRACE=full" "-e" "RUSTFLAGS=--cap-lints=forbid" "-e" "CARGO_HOME=/opt/rustwide/cargo-home" "-e" "RUSTUP_HOME=/opt/rustwide/rustup-home" "-w" "/opt/rustwide/workdir" "-m" "1610612736" "--user" "0:0" "--network" "none" "rustops/crates-build-env@sha256:a636fd89d022f18117e1dc8fb37a0a009933cdbbe082814857f0e2024962d47c" "/opt/rustwide/cargo-home/bin/cargo" "+cfbc6d4cf1acbac5c025acf8ed68929caa551df3" "check" "--frozen" "--all" "--all-targets" "--message-format=json", kill_on_drop: false }`
[INFO] [stdout] 32e308d442599de89567b3d85db43e2e56597988707b74d4f53e3adf42eb53ed
[INFO] [stderr] WARNING: Your kernel does not support swap limit capabilities or the cgroup is not mounted. Memory limited without swap.
[INFO] running `Command { std: "docker" "start" "-a" "32e308d442599de89567b3d85db43e2e56597988707b74d4f53e3adf42eb53ed", kill_on_drop: false }`
[INFO] [stderr]    Compiling libc v0.2.76
[INFO] [stderr]     Checking rand v0.4.6
[INFO] [stderr]     Checking rand v0.3.23
[INFO] [stderr]     Checking rads v0.1.0 (/opt/rustwide/workdir)
[INFO] [stdout] error[E0554]: `#![feature]` may not be used on the beta release channel
[INFO] [stdout]  --> src/lib.rs:1:1
[INFO] [stdout]   |
[INFO] [stdout] 1 | #![feature(test)]
[INFO] [stdout]   | ^^^^^^^^^^^^^^^^^
[INFO] [stdout] 
[INFO] [stdout] 
[INFO] [stdout] error[E0554]: `#![feature]` may not be used on the beta release channel
[INFO] [stdout]  --> src/lib.rs:2:1
[INFO] [stdout]   |
[INFO] [stdout] 2 | #![feature(specialization)]
[INFO] [stdout]   | ^^^^^^^^^^^^^^^^^^^^^^^^^^^
[INFO] [stdout] 
[INFO] [stdout] 
[INFO] [stdout] error[E0554]: `#![feature]` may not be used on the beta release channel
[INFO] [stdout]  --> src/lib.rs:1:1
[INFO] [stdout]   |
[INFO] [stdout] 1 | #![feature(test)]
[INFO] [stdout]   | ^^^^^^^^^^^^^^^^^
[INFO] [stdout] 
[INFO] [stdout] 
[INFO] [stdout] error[E0554]: `#![feature]` may not be used on the beta release channel
[INFO] [stdout]  --> src/lib.rs:2:1
[INFO] [stdout]   |
[INFO] [stdout] 2 | #![feature(specialization)]
[INFO] [stdout]   | ^^^^^^^^^^^^^^^^^^^^^^^^^^^
[INFO] [stdout] 
[INFO] [stdout] 
[INFO] [stdout] warning: unused doc comment
[INFO] [stdout]   --> src/order/linked_list.rs:98:9
[INFO] [stdout]    |
[INFO] [stdout] 98 |         /// Ensure this atom exists in this LinkedList
[INFO] [stdout]    |         ^^^^^^^^^^^^^^^^^^^^^^^^^^^^^^^^^^^^^^^^^^^^^^ rustdoc does not generate documentation for macro invocations
[INFO] [stdout]    |
[INFO] [stdout]    = note: `#[warn(unused_doc_comments)]` on by default
[INFO] [stdout]    = help: to document an item produced by a macro, the macro must produce the documentation as part of its expansion
[INFO] [stdout] 
[INFO] [stdout] 
[INFO] [stdout] warning: the feature `specialization` is incomplete and may not be safe to use and/or cause compiler crashes
[INFO] [stdout]  --> src/lib.rs:2:12
[INFO] [stdout]   |
[INFO] [stdout] 2 | #![feature(specialization)]
[INFO] [stdout]   |            ^^^^^^^^^^^^^^
[INFO] [stdout]   |
[INFO] [stdout]   = note: `#[warn(incomplete_features)]` on by default
[INFO] [stdout]   = note: see issue #31844 <https://github.com/rust-lang/rust/issues/31844> for more information
[INFO] [stdout] 
[INFO] [stdout] 
[INFO] [stdout] warning: unnecessary parentheses around block return value
[INFO] [stdout]    --> src/order/ofm.rs:261:13
[INFO] [stdout]     |
[INFO] [stdout] 261 |             (offset .. offset + width)
[INFO] [stdout]     |             ^^^^^^^^^^^^^^^^^^^^^^^^^^ help: remove these parentheses
[INFO] [stdout]     |
[INFO] [stdout]     = note: `#[warn(unused_parens)]` on by default
[INFO] [stdout] 
[INFO] [stdout] 
[INFO] [stdout] warning: unused doc comment
[INFO] [stdout]   --> src/order/linked_list.rs:98:9
[INFO] [stdout]    |
[INFO] [stdout] 98 |         /// Ensure this atom exists in this LinkedList
[INFO] [stdout]    |         ^^^^^^^^^^^^^^^^^^^^^^^^^^^^^^^^^^^^^^^^^^^^^^ rustdoc does not generate documentation for macro invocations
[INFO] [stdout]    |
[INFO] [stdout]    = note: `#[warn(unused_doc_comments)]` on by default
[INFO] [stdout]    = help: to document an item produced by a macro, the macro must produce the documentation as part of its expansion
[INFO] [stdout] 
[INFO] [stdout] 
[INFO] [stdout] warning: the feature `specialization` is incomplete and may not be safe to use and/or cause compiler crashes
[INFO] [stdout]  --> src/lib.rs:2:12
[INFO] [stdout]   |
[INFO] [stdout] 2 | #![feature(specialization)]
[INFO] [stdout]   |            ^^^^^^^^^^^^^^
[INFO] [stdout]   |
[INFO] [stdout]   = note: `#[warn(incomplete_features)]` on by default
[INFO] [stdout]   = note: see issue #31844 <https://github.com/rust-lang/rust/issues/31844> for more information
[INFO] [stdout] 
[INFO] [stdout] 
[INFO] [stdout] warning: unnecessary parentheses around block return value
[INFO] [stdout]    --> src/order/ofm.rs:261:13
[INFO] [stdout]     |
[INFO] [stdout] 261 |             (offset .. offset + width)
[INFO] [stdout]     |             ^^^^^^^^^^^^^^^^^^^^^^^^^^ help: remove these parentheses
[INFO] [stdout]     |
[INFO] [stdout]     = note: `#[warn(unused_parens)]` on by default
[INFO] [stdout] 
[INFO] [stdout] 
[INFO] [stdout] error[E0275]: overflow evaluating the requirement `T: order::ofm::Indexable`
[INFO] [stdout]    --> src/order/ofm.rs:193:9
[INFO] [stdout]     |
[INFO] [stdout] 50  | pub struct Ofm<T: Indexable> {
[INFO] [stdout]     |                   --------- required by this bound in `order::ofm::Ofm`
[INFO] [stdout] ...
[INFO] [stdout] 193 | impl<T> std::ops::Index<Index> for Ofm<T> {
[INFO] [stdout]     |         ^^^^^^^^^^^^^^^^^^^^^^
[INFO] [stdout] 
[INFO] [stdout] 
[INFO] [stdout] error[E0275]: overflow evaluating the requirement `T: order::ofm::Indexable`
[INFO] [stdout]    --> src/order/ofm.rs:220:17
[INFO] [stdout]     |
[INFO] [stdout] 50  | pub struct Ofm<T: Indexable> {
[INFO] [stdout]     |                   --------- required by this bound in `order::ofm::Ofm`
[INFO] [stdout] ...
[INFO] [stdout] 220 | impl<'a, T: 'a> std::iter::IntoIterator for &'a Ofm<T> {
[INFO] [stdout]     |                 ^^^^^^^^^^^^^^^^^^^^^^^
[INFO] [stdout] 
[INFO] [stdout] 
[INFO] [stdout] error[E0275]: overflow evaluating the requirement `T: order::ofm::Indexable`
[INFO] [stdout]    --> src/order/ofm.rs:195:14
[INFO] [stdout]     |
[INFO] [stdout] 50  | pub struct Ofm<T: Indexable> {
[INFO] [stdout]     |                   --------- required by this bound in `order::ofm::Ofm`
[INFO] [stdout] ...
[INFO] [stdout] 195 |     fn index(&self, i: Index) -> &T {
[INFO] [stdout]     |              ^^^^^
[INFO] [stdout] 
[INFO] [stdout] 
[INFO] [stdout] error[E0275]: overflow evaluating the requirement `T: order::ofm::Indexable`
[INFO] [stdout]    --> src/order/ofm.rs:223:18
[INFO] [stdout]     |
[INFO] [stdout] 50  | pub struct Ofm<T: Indexable> {
[INFO] [stdout]     |                   --------- required by this bound in `order::ofm::Ofm`
[INFO] [stdout] ...
[INFO] [stdout] 223 |     fn into_iter(self) -> Self::IntoIter {
[INFO] [stdout]     |                  ^^^^
[INFO] [stdout] 
[INFO] [stdout] 
[INFO] [stdout] error: aborting due to 6 previous errors; 3 warnings emitted
[INFO] [stdout] 
[INFO] [stdout] 
[INFO] [stdout] Some errors have detailed explanations: E0275, E0554.
[INFO] [stdout] 
[INFO] [stdout] For more information about an error, try `rustc --explain E0275`.
[INFO] [stdout] 
[INFO] [stderr] error: could not compile `rads`.
[INFO] [stdout] error[E0275]: overflow evaluating the requirement `T: order::ofm::Indexable`
[INFO] [stdout]    --> src/order/ofm.rs:193:9
[INFO] [stdout]     |
[INFO] [stdout] 50  | pub struct Ofm<T: Indexable> {
[INFO] [stdout]     |                   --------- required by this bound in `order::ofm::Ofm`
[INFO] [stdout] ...
[INFO] [stdout] 193 | impl<T> std::ops::Index<Index> for Ofm<T> {
[INFO] [stdout]     |         ^^^^^^^^^^^^^^^^^^^^^^
[INFO] [stdout] 
[INFO] [stdout] 
[INFO] [stderr] 
[INFO] [stdout] error[E0275]: overflow evaluating the requirement `T: order::ofm::Indexable`
[INFO] [stdout]    --> src/order/ofm.rs:220:17
[INFO] [stdout]     |
[INFO] [stdout] 50  | pub struct Ofm<T: Indexable> {
[INFO] [stdout]     |                   --------- required by this bound in `order::ofm::Ofm`
[INFO] [stdout] ...
[INFO] [stdout] 220 | impl<'a, T: 'a> std::iter::IntoIterator for &'a Ofm<T> {
[INFO] [stdout]     |                 ^^^^^^^^^^^^^^^^^^^^^^^
[INFO] [stdout] 
[INFO] [stdout] 
[INFO] [stderr] To learn more, run the command again with --verbose.
[INFO] [stderr] warning: build failed, waiting for other jobs to finish...
[INFO] [stdout] error[E0275]: overflow evaluating the requirement `T: order::ofm::Indexable`
[INFO] [stdout]    --> src/order/ofm.rs:195:14
[INFO] [stdout]     |
[INFO] [stdout] 50  | pub struct Ofm<T: Indexable> {
[INFO] [stdout]     |                   --------- required by this bound in `order::ofm::Ofm`
[INFO] [stdout] ...
[INFO] [stdout] 195 |     fn index(&self, i: Index) -> &T {
[INFO] [stdout]     |              ^^^^^
[INFO] [stdout] 
[INFO] [stdout] 
[INFO] [stdout] error[E0275]: overflow evaluating the requirement `T: order::ofm::Indexable`
[INFO] [stdout]    --> src/order/ofm.rs:223:18
[INFO] [stdout]     |
[INFO] [stdout] 50  | pub struct Ofm<T: Indexable> {
[INFO] [stdout]     |                   --------- required by this bound in `order::ofm::Ofm`
[INFO] [stdout] ...
[INFO] [stdout] 223 |     fn into_iter(self) -> Self::IntoIter {
[INFO] [stdout]     |                  ^^^^
[INFO] [stdout] 
[INFO] [stdout] 
[INFO] [stdout] error: aborting due to 6 previous errors; 3 warnings emitted
[INFO] [stdout] 
[INFO] [stdout] 
[INFO] [stdout] Some errors have detailed explanations: E0275, E0554.
[INFO] [stdout] 
[INFO] [stdout] For more information about an error, try `rustc --explain E0275`.
[INFO] [stdout] 
[INFO] [stderr] error: build failed
[INFO] running `Command { std: "docker" "inspect" "32e308d442599de89567b3d85db43e2e56597988707b74d4f53e3adf42eb53ed", kill_on_drop: false }`
[INFO] running `Command { std: "docker" "rm" "-f" "32e308d442599de89567b3d85db43e2e56597988707b74d4f53e3adf42eb53ed", kill_on_drop: false }`
[INFO] [stdout] 32e308d442599de89567b3d85db43e2e56597988707b74d4f53e3adf42eb53ed
